 Let r = 6 - o. What is the units digit of 8 + (r - 0 - 0)?
7
Suppose 0 = -3*j - 2*j + 20. Suppose 2 = -f + h - 5, 2*f - j = -4*h. What is the units digit of 2/(-6)*(f - 2)?
2
Suppose 42 = -5*t - 2*f, -2 + 6 = -t + 4*f. Let w(l) = 3*l - l + 3 - 3*l - 4. What is the units digit of w(t)?
7
Suppose -137 = 8*q - 1161. What is the tens digit of q?
2
What is the units digit of 36/8*(1 - -1)?
9
Let f be (4/(-6))/(10/(-45)). Suppose -f*k + 72 = k. What is the units digit of k?
8
Suppose g - 12 = -g. Suppose 2*d - g*d = 5*z - 35, 0 = 2*z + 5*d - 31. What is the units digit of z?
3
Let i(v) = 2*v**2 - 1. Let f be i(-1). Let c = 2 - f. What is the units digit of c?
1
Let r be 13 - (-1 - (-2 + 1)). Suppose -4*k + 3 = -r. Suppose 4*q - 18 = -l, -3*q = -k*l - 4*q + 27. What is the units digit of l?
6
Suppose 5*q + 3 = 4*g, -5*q - 20 = 2*g + 1. Let w = -5 - g. What is the tens digit of (w/3)/((-2)/36)?
1
What is the tens digit of (2 + -1)/(2/86)?
4
Suppose -6*c + 9*c = -2*k + 305, 4*k = -4*c + 608. What is the tens digit of k?
5
Let t = 167 + -112. Suppose a + 4*p = t, -5*p = -2*a + 7*a - 200. What is the tens digit of a?
3
Suppose -d - 879 = -3*x, -3*x - 4*d = -2*x - 306. What is the tens digit of x?
9
Suppose -3*i = -4 - 8. Suppose r + i = 9. What is the units digit of r?
5
Suppose 7*d - 6*d = 8. What is the units digit of d?
8
Suppose -152 = -a + 5*g, 530 + 126 = 4*a - 4*g. What is the units digit of a?
7
Suppose -5*s + 5*g + 95 = 0, -5*s + 46 = -3*g - 51. Let y = s + -3. What is the tens digit of y?
1
Let a be ((-1)/(-2))/((-2)/(-72)). Suppose 0 = -y - y + a. What is the units digit of y?
9
Let z(b) = -4*b**2 - 2 - b**2 + 5 + 0*b**3 + b**3. What is the units digit of z(5)?
3
Let n be (-2)/(-10) - (-258)/10. Let j(o) = -2*o**3 + o**2 - o - 1. Let p be j(-1). Suppose -n + 1 = -p*l + u, 37 = 3*l - 4*u. What is the units digit of l?
7
Let r(n) = -3*n**2 + 4*n + 4 + 2*n**2 + 5*n + 0*n. Let x be r(8). What is the tens digit of 2/20*x*10?
1
Suppose 656 = 15*f - 694. What is the units digit of f?
0
Let x(s) = 2*s**2 - 4*s - 3. Let u be ((-16)/10)/(16/(-40)). What is the units digit of x(u)?
3
Suppose -11*r + 6*r - 55 = 0. Let h = 13 + r. What is the units digit of h?
2
Suppose -t = 15 + 12. Let j = 18 + t. Let d = 19 + j. What is the tens digit of d?
1
Let d = -7 - -4. Let v = 28 - 24. What is the tens digit of (v/(-10))/(d/120)?
1
Suppose 0 = -2*q - 5*z + 16, 2*q = -z + 2*z + 4. Suppose 0*h + 5*c - q = h, 5*h = c + 57. What is the tens digit of h?
1
Let z(j) be the first derivative of -j**2/2 + 5*j + 2. What is the tens digit of z(-10)?
1
Let t(u) = 2*u**2 - 1. Let x be t(-2). Suppose -3*i + 14 = -x. Suppose 4*z - 5*c - 16 = 0, -i*z + 2*z - 2*c = -53. What is the units digit of z?
9
Suppose -2*y = -7*y. Suppose 0 = 5*d - 5 - y. What is the units digit of d?
1
Let g = -78 + 88. What is the tens digit of g?
1
What is the tens digit of -7 + 242 + 0/1?
3
Let i be -2 - -1*(-12)/(-3). Suppose 5*o + 23 = 5*w + 68, -i*o + 22 = -4*w. What is the units digit of o?
7
Suppose k - 8 = -0*k. What is the units digit of k?
8
Let m(r) = r**2 - 4. What is the units digit of m(-9)?
7
Suppose i = 24 + 119. What is the tens digit of i?
4
Let r = 48 - -27. Suppose 5*v - r = 80. What is the tens digit of v?
3
Suppose 2*m + 3 = -l + 12, 0 = -2*l + 4*m - 6. Suppose -4*a + l*a + 33 = 5*s, -a + 28 = 4*s. What is the units digit of a?
8
Let q(o) = 2*o - 6*o - 5*o + 1. What is the units digit of q(-2)?
9
Suppose 0 = -4*w + 8 - 0. Let h be w/(-8) - 1/(-4). Suppose 0 = -0*d - 3*d, i + 5*d - 6 = h. What is the units digit of i?
6
Let r(i) = 3*i - 4*i**2 + 3*i**2 + 0*i + 2. Let s be r(3). Suppose -z = 3*q + 7, 4*z - 6*q = -s*q + 36. What is the units digit of z?
5
Let x(s) = -113*s + 12. What is the units digit of x(-2)?
8
Suppose -10 = -l + 6*l + 5*y, 4*l = 4*y - 16. Let u = l - -5. Suppose -3*f + u + 9 = n, 4*f - 13 = -n. What is the units digit of f?
2
Suppose -4*k + 92 + 36 = 0. What is the units digit of k?
2
Suppose 0 = 2*y - 3*u - 9 - 187, 2*y - 4*u - 192 = 0. What is the hundreds digit of y?
1
Let n = -31 + 53. What is the tens digit of n?
2
Let g(v) = v**2 - 2*v. Let p be g(-3). Suppose -3*n + 7*n + 3*o - 39 = 0, -n + o + p = 0. Let k = 18 - n. What is the units digit of k?
6
What is the tens digit of (-4*(-1)/(-5))/(7/(-2205))?
5
Let c(i) = i - i**3 + 0*i + 3*i**2 - 2*i**3 + 4*i**3 - 1. What is the units digit of c(-2)?
1
Suppose 14*z - 122 = 12*z. What is the tens digit of z?
6
Let f(v) = -v**3 + 15*v**2 - 17*v - 9. What is the tens digit of f(12)?
1
Let b be 15/6*4/(-5). What is the tens digit of 22/(0 - b/1)?
1
Let b(d) = d - 5. Let t be b(5). Let x = 10 + -6. Suppose q + 3*q - x = t. What is the units digit of q?
1
Let a(l) = -l**2 - 7*l - 2. Let j be a(-6). Let n be 4/(-3)*(-9)/2. Let c = n - j. What is the units digit of c?
2
What is the units digit of (71 + -2)/(18/12)?
6
Let c(u) = 2*u - 4. Let r be c(4). Suppose r*q = 2*q + 24. What is the tens digit of q?
1
Suppose -7 = -5*x + 18. What is the units digit of x?
5
Let q = 22 + -8. What is the units digit of q?
4
Suppose -d + 29 = 5*r, d - 2*r - 9 = -3*r. Suppose -2*y + b = -3*b, 5*y - d*b = 12. Suppose -t - z + 10 = 0, -37 = -4*t + z - y*z. What is the units digit of t?
7
What is the tens digit of 1/(2/1368*4)?
7
Suppose -3*t + 13 = -2*t. Suppose -3*h - 2*h + 45 = 0. Let d = t - h. What is the units digit of d?
4
Let l(k) = 4*k**3 - 2*k**2 + 1. Let g be l(1). Suppose g*s - 240 = -s. What is the units digit of 2/(-3) - s/(-9)?
6
Let k be (50*-1)/(1 - 2). Suppose r = 6*r - k. Suppose 0*d - 10 = 3*d - 5*y, 3*d = y + r. What is the units digit of d?
5
Let k(t) = t**2 - 10. What is the units digit of k(7)?
9
Let t(j) be the third derivative of j**4/12 - 3*j**3/2 + j**2. Let n be t(6). What is the units digit of n/1 - (-1 + 3)?
1
Suppose 4*d - 3*q - 16 = 0, -5*d + 11 + 9 = -3*q. Suppose 2*c - d*c = -52. What is the tens digit of c?
2
Suppose n = 2*n. Suppose n = -2*z - 2*g + 4, z - 4*g + 11 = -12. Let m = z - -11. What is the units digit of m?
8
Suppose 0 = 5*h - g - 15, -5*h + 3*g = g - 20. Let v be (-21)/(-6) + 1/h. Let o = v + 2. What is the units digit of o?
6
Let a(p) = p**3 + 7*p**2 - 9*p - 4. Let k be a(-8). Let c = k + 8. What is the tens digit of c?
1
Suppose -2*z + 4*z = -10. Suppose 3*b = -y + 8*b - 37, -5*y - 2*b = 77. Let f = z - y. What is the tens digit of f?
1
Let c(d) = -d**2 + 11*d + 3. Let t(x) = x**3 - 8*x**2 + 7*x + 8. Let g be t(7). What is the tens digit of c(g)?
2
Let k(m) = 2*m + 72. Let u be k(0). Suppose 2*a - 4*a = -u. What is the units digit of a?
6
Suppose c - 5 = -1. Let n = c + 15. What is the tens digit of n?
1
What is the units digit of -13 + 18 + (-179)/(-1)?
4
Let n(l) = -l**2 + 29*l + 23. What is the units digit of n(23)?
1
Suppose -4*i + 3*i = -2*d + 41, -5*d + 110 = -i. What is the tens digit of d?
2
Let f(v) = -v**3 - 9*v**2 - 8*v + 6. Let i be f(-8). What is the tens digit of (9/(-3) + 5)*i?
1
Let w be ((-6)/(-2))/(24/16). Suppose 0 = -w*y - 3 + 41. What is the tens digit of y?
1
Let q(k) be the first derivative of 5*k**2/2 - k - 5. What is the units digit of q(6)?
9
Suppose -95 - 263 = -2*l. What is the hundreds digit of l?
1
Let t be 18/(-4)*(-22)/(-33). Let v be 50/4 + (-2)/(-4). Let l = v + t. What is the units digit of l?
0
Suppose -3*m = 4*n - 74, 48 = 2*n - 5*m - 2. Let o(i) = i**2 + 6*i - 4. Let g be o(-7). Suppose g*h = h + n. What is the tens digit of h?
1
What is the units digit of (32 + -1)/((-1)/(-3))?
3
Let z = -83 + 102. What is the tens digit of z?
1
Let y = 6 - 1. Let k = y - 3. Suppose 4*n - 16 = i, 0 = -n + k*n - 5*i + 15. What is the units digit of n?
5
Let q = 31 + 18. What is the tens digit of q?
4
Suppose j = -1 + 3. Suppose 3*m = j*m + 7. Let d = m + 7. What is the units digit of d?
4
Let l be (0/(-2))/(-2 + 1). Suppose h - 3 = -l*h. Let y = 3 + h. What is the units digit of y?
6
Let h be (-3 - -3) + 0 - -16. Suppose -2*j = -n - 70, h = 3*j - 4*n - 84. What is the units digit of j?
6
Suppose -f = -l - 5*f + 54, -141 = -4*l - f. What is the tens digit of l?
3
Suppose -f - 11 = -2*m + m, -m + 2*f = -13. Let y = m - 6. Let k = y + 0. What is the units digit of k?
3
Let x be (0/2)/3 - 0. Let c be 2/2 + -7 + x. What is the units digit of (-14)/(-1)*(-3)/c?
7
Let a be 